{"id":113,"date":"2017-09-13T16:48:20","date_gmt":"2017-09-13T16:48:20","guid":{"rendered":"http:\/\/meyn-taxi.de\/?page_id=113"},"modified":"2017-09-21T21:55:57","modified_gmt":"2017-09-21T21:55:57","slug":"reataurant-tipps-in-hamburg","status":"publish","type":"page","link":"http:\/\/meyn-taxi.de\/?page_id=113","title":{"rendered":"Restaurant &#8211; Tipps in Hamburg"},"content":{"rendered":"<p><img loading=\"lazy\" decoding=\"async\" class=\"wp-image-88 aligncenter\" src=\"http:\/\/meyn-taxi.de\/wp-content\/uploads\/2017\/09\/HH-lebenswert-300x110.jpg\" alt=\"\" width=\"999\" height=\"366\" srcset=\"http:\/\/meyn-taxi.de\/wp-content\/uploads\/2017\/09\/HH-lebenswert-300x110.jpg 300w, http:\/\/meyn-taxi.de\/wp-content\/uploads\/2017\/09\/HH-lebenswert.jpg 600w\" sizes=\"(max-width: 999px) 100vw, 999px\" \/><\/p>\n<p>&nbsp;<\/p>\n<p class=\"Textbody\">Es ist bei um die 1000 Restaurantbetreibern nicht so einfach den &#8222;guten Tipp&#8220; parat zu haben. Diese Auswahl soll f\u00fcr den besonderen Anlass gelten, &#8222;ums Genie\u00dfen halt&#8220;.<\/p>\n<p class=\"Textbody\">Diese Liste empfehlenswerter Restaurants hat mein ehemaliger Kollege und <b>Taxi-Stadtf\u00fchrer-Legende Rolf-Dieter Jacobs<\/b> erstellt.<\/p>\n<p class=\"Textbody\">Ich habe sie \u00fcbernommen. Und werde sie demn\u00e4chst aktualisieren.<\/p>\n<p class=\"Textbody\">Download: <a href=\"http:\/\/meyn-taxi.de\/wp-content\/uploads\/2017\/09\/restaurant_tipps.pdf\" target=\"_blank\" rel=\"noopener\">restaurant_tipps<\/a><\/p>\n ","protected":false},"excerpt":{"rendered":"<p>&nbsp; Es ist bei um die 1000 Restaurantbetreibern nicht so einfach den &#8222;guten Tipp&#8220; parat zu haben. Diese Auswahl soll f\u00fcr den besonderen Anlass gelten, &#8222;ums Genie\u00dfen halt&#8220;. Diese Liste empfehlenswerter Restaurants hat mein ehemaliger Kollege und Taxi-Stadtf\u00fchrer-Legende Rolf-Dieter Jacobs erstellt. Ich habe sie \u00fcbernommen. Und werde sie demn\u00e4chst aktualisieren. Download: restaurant_tipps<\/p>\n","protected":false},"author":1,"featured_media":0,"parent":0,"menu_order":0,"comment_status":"closed","ping_status":"closed","template":"","meta":{"footnotes":""},"class_list":["post-113","page","type-page","status-publish","hentry"],"_links":{"self":[{"href":"http:\/\/meyn-taxi.de\/index.php?rest_route=\/wp\/v2\/pages\/113"}],"collection":[{"href":"http:\/\/meyn-taxi.de\/index.php?rest_route=\/wp\/v2\/pages"}],"about":[{"href":"http:\/\/meyn-taxi.de\/index.php?rest_route=\/wp\/v2\/types\/page"}],"author":[{"embeddable":true,"href":"http:\/\/meyn-taxi.de\/index.php?rest_route=\/wp\/v2\/users\/1"}],"replies":[{"embeddable":true,"href":"http:\/\/meyn-taxi.de\/index.php?rest_route=%2Fwp%2Fv2%2Fcomments&post=113"}],"version-history":[{"count":8,"href":"http:\/\/meyn-taxi.de\/index.php?rest_route=\/wp\/v2\/pages\/113\/revisions"}],"predecessor-version":[{"id":254,"href":"http:\/\/meyn-taxi.de\/index.php?rest_route=\/wp\/v2\/pages\/113\/revisions\/254"}],"wp:attachment":[{"href":"http:\/\/meyn-taxi.de\/index.php?rest_route=%2Fwp%2Fv2%2Fmedia&parent=113"}],"curies":[{"name":"wp","href":"https:\/\/api.w.org\/{rel}","templated":true}]}}